y**2 + 2. Suppose -3*w - 2*z - 107 = 0, 4 = -w - z - 30. Let f = 36 + w. What is d(f)?
2
Let w(u) be the second derivative of u**3/6 + 2*u - 7. Determine w(-6).
-6
Let f = 103 - 95. Suppose 15*c - f*c = -7. Let y(s) = 3*s**2 - s. Calculate y(c).
4
Let i(u) = u**3 - 3*u**2 - 6*u + 6. Let x be i(4). Let b(r) = -3 - 6061986*r**2 + r + 6061987*r**2 + 2. Determine b(x).
1
Let i(d) = -2 + 4*d + 3*d**2 + 4*d**2 - 3*d**2 - 2*d. Determine i(2).
18
Let s(r) = -4*r**2 - 2*r + 1. Suppose 6*l = l + 10. Suppose 0 = -3*z - o - 42, 19 = -l*z - 5*o - 22. Let y = -12 - z. What is s(y)?
-5
Let u(s) = -s**3 + 5*s**2 - 6*s + 1. Suppose -5 = -2*n + 7*n. Let d be (-1)/6 + (-50)/60. Let b be -4*(0 - n)*d. Give u(b).
-7
Let i(b) = -b**3 - b + 8. Let v be i(0). Let d = v + -7. Let a(h) = -2 - h**2 + 6 - 4 - 1 - 6*h**3 + 2*h. What is a(d)?
-6
Let m = -36 - -39. Let y = 10 - 7. Let q(k) = -1 - 3 - k**3 + y*k - k + m. What is q(1)?
0
Let w(x) = 3*x**2 + 37*x. Let h(m) = -m**2 - 13*m. Let y(q) = 17*h(q) + 6*w(q). Suppose 2*d = d + 1. Calculate y(d).
2
Suppose 24*j = 22*j + 30. Let p(m) = -m**3 + 14*m**2 + 14*m + 15. Give p(j).
0
Let t(i) = i - 1. Suppose -v + 3 = -0*v. Let h(r) = -r**2 - 29*r + 74. Let y be h(-31). Suppose -3*q - y = -q + v*f, 17 = -5*q - f. Determine t(q).
-4
Let v(c) = -c**3 + 3*c**2 - 2*c - 2. Suppose -16 = -4*u, 5*u = l + 7 + 11. Calculate v(l).
-2
Let a(k) = k**3 - k + 1. Let u(p) = -6*p**3 - p**2 + 5*p - 10. Let r(x) = x**2 - 2*x - 10. Let z be r(5). Let s(m) = z*a(m) + u(m). Give s(0).
-5
Let z(l) be the first derivative of -l**5/20 + 5*l**4/12 + 3*l**2 - 3*l - 7. Let h(y) be the first derivative of z(y). Let u = 8 + -3. Calculate h(u).
6
Let n(i) be the first derivative of -5*i**3/3 + i + 2. Let w(c) = -18*c + 17. Let k be w(1). Determine n(k).
-4
Let d(m) = 2*m**2 + 10*m + 17. Let n(o) = o**3 + 4*o**2 + 5*o - 3. Let p be n(-2). Determine d(p).
17
Let j(h) = 5*h**3 - 4*h**3 - 4*h**2 - h**3 - 3*h**3 - 3*h + 4 + 4*h**3. Suppose 5*b - 35 = -2*w, 2*b = -4*w - 9 + 39. Determine j(w).
14
Let i(z) = 20*z**2 + 13*z**2 + 283 - 285. Let v(w) = 5611*w**2 - 341. Let s(p) = 341*i(p) - 2*v(p). What is s(1)?
31
Let w(u) = -3*u**2 - 19*u + 3. Let b(p) = -p**2 - 9*p + 1. Let m(c) = -5*b(c) + 2*w(c). Let g = 21 - 16. Give m(g).
11
Let w(b) = 3*b + 1. Suppose 31 = 3*h - 2*q, -2*q = -5*q - 6. Let m = -172 - -162. Let c = m + h. Calculate w(c).
-2
Let u(r) be the first derivative of -r**4/4 + r**3/3 - r**2 + 2*r + 88. Determine u(3).
-22
Suppose 39*s - 4 = 43*s. Let a(f) = -2*f**2 - 3*f + 3*f. What is a(s)?
-2
Let z(n) be the third derivative of n**5/30 - n**4/6 + n**3/3 - 56*n**2 - 2. What is z(3)?
8
Let z(o) = -10*o - 2. Let v(p) = p. Let x be 5/3*(6 + -3). Let b(d) = x*v(d) + z(d). Give b(5).
-27
Let r(b) be the first derivative of -b**2/2 + 3*b - 7. Let o be r(1). Let h(j) = 0*j**2 + 11*j - o + 0*j**2 + 4*j**2 - 12*j + j**3. Calculate h(-4).
2
Let p(b) be the third derivative of -b**6/120 + 17*b**5/60 - 5*b**4/8 - 7*b**3/6 + 373*b**2. Determine p(16).
9
Let h(l) = 9*l - 10*l + 2*l**2 + 204 - 15*l**2 - 203. What is h(1)?
-13
Let a(n) = 11*n**3 - 4*n**2 - 2*n - 5. Let z(b) = 11 - 88*b**2 + 4*b + b - 21*b**3 + 97*b**2. Let u(i) = -9*a(i) - 4*z(i). Determine u(1).
-16
Let x be 6/24 - 153/(-12). Suppose -5*s + x + 7 = 0. Let n(t) = -t**3 + 5*t**2 - 2*t - 4. Give n(s).
4
Let k(w) = -w**2 + 25 - 64 + 8*w + 17 + 20. Suppose -d - 1 + 4 = 0. Suppose -d*q - 12 = -5*q. Give k(q).
10
Suppose -4*p - 88 = 4*q, 0 = 4*p + 38*q - 37*q + 79. Let i(k) = -k**2 - 20*k - 11. Determine i(p).
8
Let n(m) = m + 25 - 76 + 22 + 4. Determine n(31).
6
Suppose -16*m = 174 - 126. Let o(q) = q. Give o(m).
-3
Suppose 5*l - 99 = 281. Suppose -20 = 4*x - l. Let p(n) = 5 - 15 - x*n**2 + 11. What is p(1)?
-13
Let d be (-106)/(-6) - 2/3. Let c = d + -11. Let s(o) = o - 14. Determine s(c).
-8
Let o(m) = -13*m**2 - 2*m - 11. Let w(f) = f**3 + f**2 + 3*f - 1. Let b(k) = -o(k) - w(k). What is b(12)?
0
Let k(j) = -3*j + 17. Let x(o) = -2*o + 9. Let l(s) = 6*s - 27. Let g(n) = -4*l(n) - 11*x(n). Let q(i) = -5*g(i) + 3*k(i). What is q(5)?
11
Let b(q) = -q + 1. Suppose -10*f - 4 = 16. Calculate b(f).
3
Let r(g) = g**2 + 10*g - 12. Suppose -19*f + 4*f = 150. Calculate r(f).
-12
Let r(y) = 7*y - 14. Let b be r(6). Suppose 0 = 3*q + k + b, -2*q + k = 2*k + 18. Let h(d) = d**2 + 9*d - 11. What is h(q)?
-1
Let i(p) = -15*p**2 - 92*p + 13*p**2 + 94*p. Let f be i(2). Let u(x) = -x**2 - 6*x - 5. Determine u(f).
3
Let l(j) = -j**2 + 5*j + 6. Suppose 0 = 5*b - 25, 4*x + 4 = 5*b - 9. Suppose 0 = -x*a + r + 22, 4*a - 2*r = 3*r + 44. Let s be 35/6 - (-1)/a. Determine l(s).
0
Let x(b) = 1. Let a(m) = m - 10. Let y(h) = -a(h) - 4*x(h). Let s(v) = -1. Let n(w) = 7. Let f(c) = n(c) + 6*s(c). Let g(p) = 4*f(p) - y(p). Give g(6).
4
Suppose -5*q - 5 = -35. Let a(p) = -p**3 + 7*p**2 - 6*p + 2. Determine a(q).
2
Let j(b) = -3*b + 2*b**3 - b**3 - 669 + 668 + 2*b**2. Determine j(-3).
-1
Let y be -3 + (6 - 4 - 3). Let t be 0 - (2 + y) - -2. Let l(u) = u**2 - 3*u + 2. Calculate l(t).
6
Let d(b) be the second derivative of b**4/12 - 7*b**3/6 - 2*b**2 - 11*b - 7. Suppose 0 = 2*j - 7*j + 25. Let w be j + (1 - 3 - -1). Calculate d(w).
-16
Let a(t) be the third derivative of -t**6/120 - t**5/3 - t**4/12 - 25*t**3/6 - 4*t**2 - 24*t. Give a(-20).
15
Let m(n) be the first derivative of -1/120*n**5 + 0*n**2 + 0*n - 1/12*n**4 + 4 - 2*n**3. Let c(a) be the third derivative of m(a). Calculate c(-5).
3
Let f(m) = 11*m - 11. Let w(c) = 2*c. Let k(b) = 2*f(b) - 14*w(b). What is k(-4)?
2
Let f(k) = k**2 + k + 2. Let g(w) = w**2 + 20*w + 11. Let n(v) = -v**2 - 21*v - 11. Let u(s) = 7*g(s) + 6*n(s). Let l be u(-13). Calculate f(l).
4
Let j = -917 - -907. Let x(h) = -h**2 - 13*h - 21. What is x(j)?
9
Let u(w) be the second derivative of w**5/20 - 5*w**4/12 - w**3/6 + 3*w**2 - 1492*w. Let f be (5/(-3))/(2/(-6)). What is u(f)?
1
Suppose 0 = 16*s - 14*s - u + 13, 5*s + 2*u + 37 = 0. Let z(t) = 1 - 7*t - t**2 + 0*t**2 + 1. What is z(s)?
2
Suppose -19 = -5*a + m, a = -a - 3*m + 11. Let i(z) = -5*z**3 + 1 + 2*z**2 - a + 0*z**2 + 2. Suppose -p - 4 = 3*p. Give i(p).
6
Let o(b) be the third derivative of -b**6/360 - b**5/24 - 5*b**4/4 + 32*b**2. Let u(p) be the second derivative of o(p). Calculate u(-5).
5
Let n(q) = 2*q**2 + 13*q - 1. Suppose 5*a = -3*s - 16, 9*s - 10*s - 3*a = 4. Give n(s).
6
Let d(l) be the first derivative of -l**5/20 - l**4/12 - l**3/6 + 7*l - 22. Let u(o) be the first derivative of d(o). Calculate u(0).
0
Let x(j) = -4*j**2 - j - 4. Suppose 174*u + 40 = 184*u. Calculate x(u).
-72
Let r(t) = 3*t - 1. Let f(u) = -10*u + 3. Let k(d) = -2*f(d) - 7*r(d). Suppose 0 = -0*h + 5*h + 2*p + 16, 4*p = 4*h - 4. Let l = -3 + h. What is k(l)?
6
Let d(c) = -8*c**2 - c + 6. Let x(h) = h**3 - 16*h**2 - 2*h + 14. Let p(q) = 5*d(q) - 2*x(q). Give p(-4).
6
Let f = 379 + -4547/12. Let x(z) be the third derivative of -f*z**4 + 0*z - 3*z**2 - 1/2*z**3 + 0. Determine x(-3).
3
Let r(p) = -5*p - 1. Let d = 194 + -193. Calculate r(d).
-6
Let t be -2*1*(-12)/(-72)*-9. Let j(a) be the third derivative of 0*a - 8*a**2 + 1/8*a**4 + 1/3*a**t + 1/20*a**5 + 0. Calculate j(-2).
8
Let t(w) = w - 3. Suppose 7*s - 3*s - 4 = 0. Suppose 2*n - 4*y - 7 - s = 0, 5*y = -25. Calculate t(n).
-9
Let t(f) = 7*f**2 + 8*f + 6. Let g(h) = 20*h**2 + 26*h + 18. Let a(r) = 5*g(r) - 14*t(r). Calculate a(-12).
78
Let p(i) = 3*i - 11. Let y(j) = 2*j - 10. Suppose -6 = -0*g + 2*g. Let n(h) = g*p(h) + 4*y(h). Give n(-10).
3
Suppose 0 = 60*v - 64*v + 352. Let b = 91 - v. Let z(n) = -n**3 + 4*n**2 - 2*n - 4. Give z(b).
-1
Let z(j) = j**3 - 7*j**2 + j - 8. Let k be z(7). Suppose -2*r = -r. Let n(g) = -12*g**3 + 23*g**3 + r - 1 + g**2. Give n(k).
-11
Let h(n) be the third derivative of n**7/2520 + n**6/240 - n**4/2 - 2*n**2. Let t(f) be the second derivative of h(f). Determine t(-3).
0
Let v(b) = -3*b + 5*b**2 - 4*b**3 - 2 - 2*b**3 + 5*b**3. Let i(g) = 2*g**3 + 25*g**2 + 14*g + 27. Let c be i(-12). What is v(c)?
7
Suppose 0 = -5*d + 10, -k + d - 14 = -3*k. Let y(w) = -w**3 - 5*w**2 + 34*w - 3. Let n(z) = -2*z**2 + 6*z - 2. Let p(c) = -5*n(c) + y(c). What is p(k)?
-5
Let n(x) = x**3 + 6*x**2 - 7*x - 6. Let o = 1 - 1. Suppose 0*t + 4*t + 28 = o. What is n(t)?
-6
Suppose 19 = 2*u - 21*u. Let j(w) = 10*w